{"id":4085,"date":"2016-07-14T02:27:55","date_gmt":"2016-07-14T02:27:55","guid":{"rendered":"http:\/\/www.mbetong.ipage.no\/?page_id=6"},"modified":"2022-09-20T09:31:07","modified_gmt":"2022-09-20T07:31:07","slug":"omoss","status":"publish","type":"page","link":"https:\/\/mbetong.no\/?page_id=4085","title":{"rendered":"Om oss"},"content":{"rendered":"<div class=\"fusion-fullwidth fullwidth-box fusion-builder-row-1 nonhundred-percent-fullwidth non-hundred-percent-height-scrolling fusion-equal-height-columns\" style=\"--awb-background-position:left top;--awb-border-sizes-top:0px;--awb-border-sizes-bottom:0px;--awb-border-sizes-left:0px;--awb-border-sizes-right:0px;--awb-border-radius-top-left:0px;--awb-border-radius-top-right:0px;--awb-border-radius-bottom-right:0px;--awb-border-radius-bottom-left:0px;--awb-padding-top:100px;--awb-padding-bottom:0px;--awb-flex-wrap:wrap;\" ><div class=\"fusion-builder-row fusion-row\"><div class=\"fusion-layout-column fusion_builder_column fusion-builder-column-0 fusion_builder_column_1_2 1_2 fusion-one-half fusion-column-first\" style=\"--awb-bg-size:cover;width:48%; margin-right: 4%;\"><div class=\"fusion-column-wrapper fusion-flex-column-wrapper-legacy\"><div class=\"fusion-image-element fusion-image-align-center in-legacy-container\" style=\"text-align:center;--awb-caption-title-font-family:var(--h2_typography-font-family);--awb-caption-title-font-weight:var(--h2_typography-font-weight);--awb-caption-title-font-style:var(--h2_typography-font-style);--awb-caption-title-size:var(--h2_typography-font-size);--awb-caption-title-transform:var(--h2_typography-text-transform);--awb-caption-title-line-height:var(--h2_typography-line-height);--awb-caption-title-letter-spacing:var(--h2_typography-letter-spacing);\"><div class=\"imageframe-align-center\"><span class=\" fusion-imageframe imageframe-none imageframe-1 hover-type-none\"><img decoding=\"async\" width=\"741\" height=\"1024\" title=\"Midtnorsk betong\" src=\"http:\/\/www.mbetong.ipage.no\/wp-content\/uploads\/2016\/07\/Operat\u00f8r2-kopi-741x1024.jpg\" alt class=\"img-responsive wp-image-4182\" srcset=\"https:\/\/mbetong.no\/wp-content\/uploads\/2016\/07\/Operat\u00f8r2-kopi-200x276.jpg 200w, https:\/\/mbetong.no\/wp-content\/uploads\/2016\/07\/Operat\u00f8r2-kopi-400x553.jpg 400w, https:\/\/mbetong.no\/wp-content\/uploads\/2016\/07\/Operat\u00f8r2-kopi-600x829.jpg 600w, https:\/\/mbetong.no\/wp-content\/uploads\/2016\/07\/Operat\u00f8r2-kopi-800x1106.jpg 800w, https:\/\/mbetong.no\/wp-content\/uploads\/2016\/07\/Operat\u00f8r2-kopi-1200x1658.jpg 1200w, https:\/\/mbetong.no\/wp-content\/uploads\/2016\/07\/Operat\u00f8r2-kopi.jpg 1500w\" sizes=\"(max-width: 800px) 100vw, 600px\" \/><\/span><\/div><\/div><div class=\"fusion-clearfix\"><\/div><\/div><\/div><div class=\"fusion-layout-column fusion_builder_column fusion-builder-column-1 fusion_builder_column_1_2 1_2 fusion-one-half fusion-column-last\" style=\"--awb-bg-size:cover;width:48%;\"><div class=\"fusion-column-wrapper fusion-flex-column-wrapper-legacy\"><div class=\"fusion-column-content-centered\"><div class=\"fusion-column-content\"><div class=\"fusion-image-element in-legacy-container\" style=\"--awb-caption-title-font-family:var(--h2_typography-font-family);--awb-caption-title-font-weight:var(--h2_typography-font-weight);--awb-caption-title-font-style:var(--h2_typography-font-style);--awb-caption-title-size:var(--h2_typography-font-size);--awb-caption-title-transform:var(--h2_typography-text-transform);--awb-caption-title-line-height:var(--h2_typography-line-height);--awb-caption-title-letter-spacing:var(--h2_typography-letter-spacing);\"><span class=\" fusion-imageframe imageframe-none imageframe-2 hover-type-none\"><img decoding=\"async\" src=\"http:\/\/www.mbetong.ipage.no\/wp-content\/uploads\/2016\/07\/divide.png\" alt class=\"img-responsive\"\/><\/span><\/div><div class=\"fusion-sep-clear\"><\/div><div class=\"fusion-separator fusion-full-width-sep\" style=\"margin-left: auto;margin-right: auto;margin-top:20px;width:100%;\"><\/div><div class=\"fusion-sep-clear\"><\/div><div class=\"fusion-text fusion-text-1\" style=\"--awb-text-transform:none;\"><p>Bedriften ble startet i 1953 og er en av kommunens eldste industribedrifter. Vi produserer betongr\u00f8r, kummer og andre spesialprodukter. Bedriften har rundt 20 ansatte og omsatte i 2016 for 56 millioner kroner. Gjennom v\u00e5rt medlemsskap i Basal og Fabeko deltar vi i omfattende produktutvikling og har et aktivt kvalitetsarbeid for hele tiden \u00e5 v\u00e6re i fremste rekke innen VA-bransjen og ferdigbetongbransjen. Bedriften preges i stor grad av v\u00e5re kreative ansatte og vi er en beslutningsdyktig organisasjon der kundens behov settes i fremste rekke. Bedriften har ogs\u00e5 et ikke ubetydelig salg av betongrelaterte handelsvarer. Ansatte i produksjonen har fagbrev innen betongindustrifaget og bedriften har avanserte produksjonsutstyr for VA-produkter i betong og investerer fortl\u00f8pende i ny teknologi.<\/p>\n<p><strong>Milj\u00f8policy<br \/>\n<\/strong>Loe-konsernets Milj\u00f8policy angir bedriftenes retning mot milj\u00f8bevisst virksomhet og en b\u00e6rekraftig fremtid.<\/p>\n<p><strong>Loe Midt-Norsk Betong Mosj\u00f8en AS\u2019 milj\u00f8policy<\/strong>:<br \/>\nSom en b\u00e6rekraftig samfunnsakt\u00f8r, har Loe MNBM AS s\u00f8kelys p\u00e5 milj\u00f8ansvar ovenfor kunder, ansatte og samfunnet, b\u00e5de ut ifra \u00f8konomiske, sosiale og milj\u00f8messige hensyn. Gjennom aktiv ledelse og utvikling, s\u00f8ker vi kontinuerlig \u00e5 utvikle prosesser, produkter og tjenester som senker v\u00e5r milj\u00f8p\u00e5virkning b\u00e5de direkte og indirekte.<\/p>\n<p>Loe skal sikre \u00e5 inneha tilstrekkelig intern milj\u00f8kompetanse, og det er utarbeidet et milj\u00f8program som kommuniseres og f\u00f8lges kontinuerlig opp p\u00e5 alle niv\u00e5er i bedriften.<\/p>\n<p>Vi reviderer jevnlig v\u00e5rt milj\u00f8program, i henhold til endringer i v\u00e5re milj\u00f8m\u00e5l og samfunnets krav til bedriftene. Vi jobber for \u00e5 \u00f8ke milj\u00f8bevisstheten til v\u00e5re ansatte og samarbeidspartnere.<\/p>\n<\/div><\/div><\/div><div class=\"fusion-clearfix\"><\/div><\/div><\/div><\/div><\/div><div class=\"fusion-fullwidth fullwidth-box fusion-builder-row-2 nonhundred-percent-fullwidth non-hundred-percent-height-scrolling\" style=\"--awb-border-radius-top-left:0px;--awb-border-radius-top-right:0px;--awb-border-radius-bottom-right:0px;--awb-border-radius-bottom-left:0px;--awb-padding-top:5%;--awb-padding-bottom:5%;--awb-flex-wrap:wrap;\" ><div class=\"fusion-builder-row fusion-row\"><div class=\"fusion-layout-column fusion_builder_column fusion-builder-column-2 fusion_builder_column_1_2 1_2 fusion-one-half fusion-column-first\" style=\"--awb-bg-size:cover;width:50%;width:calc(50% - ( ( 4% ) * 0.5 ) );margin-right: 4%;\"><div class=\"fusion-column-wrapper fusion-flex-column-wrapper-legacy\"><div class=\"fusion-text fusion-text-2\"><p>VA- organisasjonen Basal har 19 medlemsbedrifter og er landets desidert st\u00f8rste leverand\u00f8r av betongr\u00f8r og -kummer. Basal st\u00e5r for kvalitet, kompetanse og innovasjon.<\/p>\n<p>Du skal v\u00e6re trygg p\u00e5 at de produktene som leveres fra medlemsbedriftene i Basal tilfredsstiller gjeldende krav og gir deg et fullgodt anlegg med lang levetid.<\/p>\n<p>Ved Basals kontor i Oslo arbeides det med \u00e5 koordinere, samle og utnytte medlemsbedriftenes spisskompetanse p\u00e5 best m\u00e5te for \u00e5 videreutvikle Basal Standard. Det er den felles produkt- og kvalitetsstandarden som medlemsbedriftene bruker i sin produksjon. Alle medlemsbedriftene f\u00f8lger Basal Standards krav og spesifikasjoner.<\/p>\n<\/div><div class=\"fusion-clearfix\"><\/div><\/div><\/div><div class=\"fusion-layout-column fusion_builder_column fusion-builder-column-3 fusion_builder_column_1_2 1_2 fusion-one-half fusion-column-last\" style=\"--awb-bg-size:cover;width:50%;width:calc(50% - ( ( 4% ) * 0.5 ) );\"><div class=\"fusion-column-wrapper fusion-flex-column-wrapper-legacy\"><div class=\"fusion-text fusion-text-3\" style=\"--awb-text-transform:none;\"><p><img decoding=\"async\" class=\"alignnone wp-image-4912 size-full\" src=\"https:\/\/mbetong.no\/wp-content\/uploads\/2018\/04\/Basal-logo-e1524601809825.jpg\" alt=\"\" width=\"350\" height=\"178\" \/><\/p>\n<\/div><div class=\"fusion-text fusion-text-4\"><p><strong>Basals hovedm\u00e5l<\/strong><\/p>\n<ol>\n<li>\u00d8ke betongens markedsmuligheter i Norge.<\/li>\n<li>Bedre og videreutvikle kvaliteten av r\u00f8r og kumsystemer i betong<\/li>\n<li>Satse p\u00e5 betydelig produktutvikling av r\u00f8r og kumsystemer<\/li>\n<li>Fremme effektive og rasjonelle produksjonsenheter<\/li>\n<li>Sikre at v\u00e5re kunder f\u00e5r rett produkt med b\u00e5de standardprodukter og skreddersom.<\/li>\n<\/ol>\n<\/div><div class=\"fusion-clearfix\"><\/div><\/div><\/div><\/div><\/div><div class=\"fusion-fullwidth fullwidth-box fusion-builder-row-3 nonhundred-percent-fullwidth non-hundred-percent-height-scrolling\" style=\"--awb-border-radius-top-left:0px;--awb-border-radius-top-right:0px;--awb-border-radius-bottom-right:0px;--awb-border-radius-bottom-left:0px;--awb-flex-wrap:wrap;\" ><div class=\"fusion-builder-row fusion-row\"><div class=\"fusion-layout-column fusion_builder_column fusion-builder-column-4 fusion_builder_column_1_1 1_1 fusion-one-full fusion-column-first fusion-column-last\" style=\"--awb-bg-size:cover;\"><div class=\"fusion-column-wrapper fusion-flex-column-wrapper-legacy\"><div class=\"fusion-sep-clear\"><\/div><div class=\"fusion-separator fusion-full-width-sep\" style=\"margin-left: auto;margin-right: auto;width:100%;\"><div class=\"fusion-separator-border sep-single sep-solid\" style=\"--awb-height:20px;--awb-amount:20px;border-color:#e0dede;border-top-width:2px;\"><\/div><\/div><div class=\"fusion-sep-clear\"><\/div><div class=\"fusion-clearfix\"><\/div><\/div><\/div><\/div><\/div><div class=\"fusion-fullwidth fullwidth-box fusion-builder-row-4 nonhundred-percent-fullwidth non-hundred-percent-height-scrolling\" style=\"--awb-border-radius-top-left:0px;--awb-border-radius-top-right:0px;--awb-border-radius-bottom-right:0px;--awb-border-radius-bottom-left:0px;--awb-padding-top:30px;--awb-padding-bottom:20px;--awb-flex-wrap:wrap;\" ><div class=\"fusion-builder-row fusion-row\"><div class=\"fusion-layout-column fusion_builder_column fusion-builder-column-5 fusion_builder_column_1_2 1_2 fusion-one-half fusion-column-first\" style=\"--awb-bg-size:cover;width:50%;width:calc(50% - ( ( 4% ) * 0.5 ) );margin-right: 4%;\"><div class=\"fusion-column-wrapper fusion-flex-column-wrapper-legacy\"><div class=\"fusion-text fusion-text-5\"><p>Registrert i<\/p>\n<\/div><div class=\"fusion-image-element in-legacy-container\" style=\"--awb-caption-title-font-family:var(--h2_typography-font-family);--awb-caption-title-font-weight:var(--h2_typography-font-weight);--awb-caption-title-font-style:var(--h2_typography-font-style);--awb-caption-title-size:var(--h2_typography-font-size);--awb-caption-title-transform:var(--h2_typography-text-transform);--awb-caption-title-line-height:var(--h2_typography-line-height);--awb-caption-title-letter-spacing:var(--h2_typography-letter-spacing);\"><span class=\" fusion-imageframe imageframe-none imageframe-3 hover-type-none\"><img decoding=\"async\" width=\"278\" height=\"56\" title=\"SB_LOG_web\" src=\"https:\/\/mbetong.no\/wp-content\/uploads\/2018\/04\/SB_LOG_web.gif\" alt class=\"img-responsive wp-image-4886\"\/><\/span><\/div><div class=\"fusion-clearfix\"><\/div><\/div><\/div><div class=\"fusion-layout-column fusion_builder_column fusion-builder-column-6 fusion_builder_column_1_2 1_2 fusion-one-half fusion-column-last\" style=\"--awb-bg-size:cover;width:50%;width:calc(50% - ( ( 4% ) * 0.5 ) );\"><div class=\"fusion-column-wrapper fusion-flex-column-wrapper-legacy\"><div class=\"fusion-text fusion-text-6\"><p>Medlem av <a href=\"https:\/\/fabeko.no\/\">FABEKO<\/a> og har til enhver tid sertifisert personell til framstilling- og transport av ferdigbetong.<\/p>\n<\/div><div class=\"fusion-image-element fusion-image-align-center in-legacy-container\" style=\"text-align:center;--awb-caption-title-font-family:var(--h2_typography-font-family);--awb-caption-title-font-weight:var(--h2_typography-font-weight);--awb-caption-title-font-style:var(--h2_typography-font-style);--awb-caption-title-size:var(--h2_typography-font-size);--awb-caption-title-transform:var(--h2_typography-text-transform);--awb-caption-title-line-height:var(--h2_typography-line-height);--awb-caption-title-letter-spacing:var(--h2_typography-letter-spacing);\"><div class=\"imageframe-align-center\"><span class=\" fusion-imageframe imageframe-none imageframe-4 hover-type-none\"><img decoding=\"async\" width=\"70\" height=\"70\" title=\"Midt norsk betong\" src=\"https:\/\/mbetong.no\/wp-content\/uploads\/2018\/04\/fabeko-logo-e1524601555450.png\" alt class=\"img-responsive wp-image-4896\"\/><\/span><\/div><\/div><div class=\"fusion-clearfix\"><\/div><\/div><\/div><\/div><\/div><div class=\"fusion-bg-parallax\" data-bg-align=\"left top\" data-direction=\"up\" data-mute=\"false\" data-opacity=\"100\" data-velocity=\"-0.3\" data-mobile-enabled=\"false\" data-break_parents=\"0\" data-bg-image=\"https:\/\/mbetong.no\/wp-content\/uploads\/2016\/07\/betong_web-1024x575.jpg\" data-bg-repeat=\"false\" ><\/div><div class=\"fusion-fullwidth fullwidth-box fusion-builder-row-5 fusion-parallax-up nonhundred-percent-fullwidth non-hundred-percent-height-scrolling\" style=\"--awb-background-position:left top;--awb-border-sizes-top:0px;--awb-border-sizes-bottom:0px;--awb-border-sizes-left:0px;--awb-border-sizes-right:0px;--awb-border-radius-top-left:0px;--awb-border-radius-top-right:0px;--awb-border-radius-bottom-right:0px;--awb-border-radius-bottom-left:0px;--awb-padding-top:10px;--awb-padding-bottom:100px;--awb-background-image:url(&quot;https:\/\/mbetong.no\/wp-content\/uploads\/2016\/07\/betong_web-1024x575.jpg&quot;);--awb-background-size:cover;--awb-flex-wrap:wrap;\" ><div class=\"fusion-builder-row fusion-row\"><div class=\"fusion-layout-column fusion_builder_column fusion-builder-column-7 fusion_builder_column_1_5 1_5 fusion-one-fifth fusion-column-first\" style=\"--awb-bg-size:cover;\"><div class=\"fusion-column-wrapper fusion-flex-column-wrapper-legacy\"><div class=\"fusion-clearfix\"><\/div><\/div><\/div><div class=\"fusion-layout-column fusion_builder_column fusion-builder-column-8 fusion_builder_column_3_5 3_5 fusion-three-fifth\" style=\"--awb-bg-size:cover;\"><div class=\"fusion-column-wrapper fusion-flex-column-wrapper-legacy\"><div class=\"fusion-text fusion-text-7\"><h2 style=\"text-align: center;\"><span style=\"color: #000000;\">Kontakt oss gjerne<br \/>\n<\/span><\/h2>\n<\/div><div class=\"fusion-sep-clear\"><\/div><div class=\"fusion-separator fusion-full-width-sep\" style=\"margin-left: auto;margin-right: auto;margin-top:20px;width:100%;\"><\/div><div class=\"fusion-sep-clear\"><\/div><div class=\"fusion-clearfix\"><\/div><\/div><\/div><div class=\"fusion-layout-column fusion_builder_column fusion-builder-column-9 fusion_builder_column_1_5 1_5 fusion-one-fifth fusion-column-last\" style=\"--awb-bg-size:cover;\"><div class=\"fusion-column-wrapper fusion-flex-column-wrapper-legacy\"><div class=\"fusion-clearfix\"><\/div><\/div><\/div><div class=\"fusion-layout-column fusion_builder_column fusion-builder-column-10 fusion_builder_column_1_3 1_3 fusion-one-third fusion-column-first\" style=\"--awb-padding-top:0px;--awb-padding-right:0px;--awb-padding-bottom:50px;--awb-padding-left:0px;--awb-bg-size:cover;width:30.6666%; margin-right: 4%;\"><div class=\"fusion-column-wrapper fusion-flex-column-wrapper-legacy\"><div class=\"fusion-sep-clear\"><\/div><div class=\"fusion-separator fusion-full-width-sep\" style=\"margin-left: auto;margin-right: auto;margin-top:30px;width:100%;\"><\/div><div class=\"fusion-sep-clear\"><\/div><div class=\"fusion-text fusion-text-8\" style=\"--awb-text-transform:none;\"><p style=\"text-align: center; color: #ffffff;\"><span style=\"color: #000000;\"><strong>Tone Lise Fagerbakk<\/strong><\/span><br \/>\n<span style=\"color: #000000;\"> Regnskap, L\u00f8nn, Fakturering<\/span><\/p>\n<p style=\"text-align: center;\"><span style=\"color: #000000;\">Mob: 91 80 85 82<\/span><br \/>\n<span style=\"color: #000000;\"> <a style=\"color: #000000;\" href=\"mailto: tonelise.fagerbakk@loe.no\"> tonelise.fagerbakk@loe.no<\/a><\/span><\/p>\n<\/div><div class=\"fusion-clearfix\"><\/div><\/div><\/div><div class=\"fusion-layout-column fusion_builder_column fusion-builder-column-11 fusion_builder_column_1_3 1_3 fusion-one-third\" style=\"--awb-padding-top:0px;--awb-padding-right:0px;--awb-padding-bottom:50px;--awb-padding-left:0px;--awb-bg-size:cover;width:30.6666%; margin-right: 4%;\"><div class=\"fusion-column-wrapper fusion-flex-column-wrapper-legacy\"><div class=\"fusion-sep-clear\"><\/div><div class=\"fusion-separator fusion-full-width-sep\" style=\"margin-left: auto;margin-right: auto;margin-top:30px;width:100%;\"><\/div><div class=\"fusion-sep-clear\"><\/div><div class=\"fusion-text fusion-text-9\" style=\"--awb-text-transform:none;\"><p style=\"color: #ffffff; text-align: center;\"><span style=\"color: #000000;\"><strong>Magne Lund<\/strong><\/span><br \/>\n<span style=\"color: #000000;\"> Daglig leder<br \/>\n<\/span><\/p>\n<p style=\"text-align: center;\"><span style=\"color: #000000;\">Mob: 474 53 403<\/span><br \/>\n<span style=\"color: #000000;\"> <a style=\"color: #000000;\" href=\"mailto:magne.lund@loe.no\">magne.lund@loe.no<\/a><\/span><\/p>\n<\/div><div class=\"fusion-clearfix\"><\/div><\/div><\/div><div class=\"fusion-layout-column fusion_builder_column fusion-builder-column-12 fusion_builder_column_1_3 1_3 fusion-one-third fusion-column-last\" style=\"--awb-padding-top:0px;--awb-padding-right:0px;--awb-padding-bottom:50px;--awb-padding-left:0px;--awb-bg-size:cover;width:30.6666%;\"><div class=\"fusion-column-wrapper fusion-flex-column-wrapper-legacy\"><div class=\"fusion-sep-clear\"><\/div><div class=\"fusion-separator fusion-full-width-sep\" style=\"margin-left: auto;margin-right: auto;margin-top:30px;width:100%;\"><\/div><div class=\"fusion-sep-clear\"><\/div><div class=\"fusion-text fusion-text-10\" style=\"--awb-text-transform:none;\"><p style=\"text-align: center; color: #ffffff;\"><span style=\"color: #000000;\"><strong>Roger Einmo<\/strong><\/span><br \/>\n<span style=\"color: #000000;\"> Ekspedisjon\/ordremottak<\/span><\/p>\n<p style=\"text-align: center;\"><span style=\"color: #000000;\">Mob: 95 20 29 84<\/span><br \/>\n<span style=\"color: #000000;\"> <a style=\"color: #000000;\" href=\"mailto:roger.einmo@loe.no\">roger.einmo@loe.no<\/a><\/span><\/p>\n<\/div><div class=\"fusion-clearfix\"><\/div><\/div><\/div><div class=\"fusion-layout-column fusion_builder_column fusion-builder-column-13 fusion_builder_column_1_3 1_3 fusion-one-third fusion-column-first\" style=\"--awb-padding-top:0px;--awb-padding-right:0px;--awb-padding-bottom:50px;--awb-padding-left:0px;--awb-bg-size:cover;width:30.6666%; margin-right: 4%;\"><div class=\"fusion-column-wrapper fusion-flex-column-wrapper-legacy\"><div class=\"fusion-sep-clear\"><\/div><div class=\"fusion-separator fusion-full-width-sep\" style=\"margin-left: auto;margin-right: auto;margin-top:30px;width:100%;\"><\/div><div class=\"fusion-sep-clear\"><\/div><div class=\"fusion-text fusion-text-11\" style=\"--awb-text-transform:none;\"><p style=\"text-align: center; color: #ffffff;\"><span style=\"color: #000000;\"><strong>Kjetil Aakvik<\/strong><\/span><br \/>\n<span style=\"color: #000000;\">Produksjonsleder<\/span><\/p>\n<p style=\"text-align: center;\"><span style=\"color: #000000;\">Mob: 926 47 017<\/span><br \/>\n<span style=\"color: #000000;\"> <a style=\"color: #000000;\" href=\"mailto:kjetil.aakvik@loe.no\">kjetil.aakvik@loe.no<\/a><\/span><\/p>\n<\/div><div class=\"fusion-clearfix\"><\/div><\/div><\/div><div class=\"fusion-layout-column fusion_builder_column fusion-builder-column-14 fusion_builder_column_1_3 1_3 fusion-one-third\" style=\"--awb-padding-top:0px;--awb-padding-right:0px;--awb-padding-bottom:50px;--awb-padding-left:0px;--awb-bg-size:cover;width:30.6666%; margin-right: 4%;\"><div class=\"fusion-column-wrapper fusion-flex-column-wrapper-legacy\"><div class=\"fusion-sep-clear\"><\/div><div class=\"fusion-separator fusion-full-width-sep\" style=\"margin-left: auto;margin-right: auto;margin-top:30px;width:100%;\"><\/div><div class=\"fusion-sep-clear\"><\/div><div class=\"fusion-text fusion-text-12\" style=\"--awb-text-transform:none;\"><p style=\"text-align: center; color: #ffffff;\"><span style=\"color: #000000;\"><strong>Frode Gullhav<\/strong><\/span><br \/>\n<span style=\"color: #000000;\">Salg\/marked<br \/>\n<\/span><span style=\"color: #000000;\">Mob: 920 45\u00a0336<\/span><br \/>\n<span style=\"color: #000000;\"> <a style=\"color: #000000;\" href=\"mailto:frode.gullhav@loe.no\">frode.gullhav@loe.no<\/a><\/span><\/p>\n<\/div><div class=\"fusion-clearfix\"><\/div><\/div><\/div><\/div><\/div>\n","protected":false},"excerpt":{"rendered":"Bedriften ble startet i 1953 og er en av kommunens eldste industribedrifter. Vi produserer betongr\u00f8r, kummer og andre spesialprodukter. Bedriften har rundt 20 ansatte og omsatte i 2016 for 56 millioner kroner. Gjennom v\u00e5rt medlemsskap [...]","protected":false},"author":4,"featured_media":0,"parent":0,"menu_order":0,"comment_status":"closed","ping_status":"closed","template":"100-width.php","meta":{"footnotes":""},"_links":{"self":[{"href":"https:\/\/mbetong.no\/index.php?rest_route=\/wp\/v2\/pages\/4085"}],"collection":[{"href":"https:\/\/mbetong.no\/index.php?rest_route=\/wp\/v2\/pages"}],"about":[{"href":"https:\/\/mbetong.no\/index.php?rest_route=\/wp\/v2\/types\/page"}],"author":[{"embeddable":true,"href":"https:\/\/mbetong.no\/index.php?rest_route=\/wp\/v2\/users\/4"}],"replies":[{"embeddable":true,"href":"https:\/\/mbetong.no\/index.php?rest_route=%2Fwp%2Fv2%2Fcomments&post=4085"}],"version-history":[{"count":61,"href":"https:\/\/mbetong.no\/index.php?rest_route=\/wp\/v2\/pages\/4085\/revisions"}],"predecessor-version":[{"id":5028,"href":"https:\/\/mbetong.no\/index.php?rest_route=\/wp\/v2\/pages\/4085\/revisions\/5028"}],"wp:attachment":[{"href":"https:\/\/mbetong.no\/index.php?rest_route=%2Fwp%2Fv2%2Fmedia&parent=4085"}],"curies":[{"name":"wp","href":"https:\/\/api.w.org\/{rel}","templated":true}]}}